{"id":13,"date":"2025-04-30T14:04:55","date_gmt":"2025-04-30T12:04:55","guid":{"rendered":"http:\/\/www.staging.manitas-cafeceramique.fr\/?page_id=13"},"modified":"2026-04-07T16:48:12","modified_gmt":"2026-04-07T14:48:12","slug":"concept-cafe-ceramique","status":"publish","type":"page","link":"https:\/\/www.staging.manitas-cafeceramique.fr\/index.php\/cafe-ceramique\/concept-cafe-ceramique\/","title":{"rendered":"Concept | caf\u00e9-c\u00e9ramique"},"content":{"rendered":"","protected":false},"excerpt":{"rendered":"","protected":false},"author":1,"featured_media":0,"parent":18,"menu_order":0,"comment_status":"closed","ping_status":"closed","template":"","meta":{"_acf_changed":false,"footnotes":""},"class_list":["post-13","page","type-page","status-publish","hentry"],"acf":[],"yoast_head":"<!-- This site is optimized with the Yoast SEO plugin v27.3 - https:\/\/yoast.com\/product\/yoast-seo-wordpress\/ -->\n<title>Concept | caf\u00e9-c\u00e9ramique - Manitas<\/title>\n<meta name=\"description\" content=\"Manitas, 1er caf\u00e9 c\u00e9ramique de Lyon : choisissez, peignez votre pi\u00e8ce et savourez un moment cr\u00e9atif et gourmand dans une ambiance conviviale.\" \/>\n<meta name=\"robots\" content=\"index, follow, max-snippet:-1, max-image-preview:large, max-video-preview:-1\" \/>\n<link rel=\"canonical\" href=\"https:\/\/www.staging.manitas-cafeceramique.fr\/index.php\/cafe-ceramique\/concept-cafe-ceramique\/\" \/>\n<meta property=\"og:locale\" content=\"fr_FR\" \/>\n<meta property=\"og:type\" content=\"article\" \/>\n<meta property=\"og:title\" content=\"Concept | caf\u00e9-c\u00e9ramique - Manitas\" \/>\n<meta property=\"og:description\" content=\"Manitas, 1er caf\u00e9 c\u00e9ramique de Lyon : choisissez, peignez votre pi\u00e8ce et savourez un moment cr\u00e9atif et gourmand dans une ambiance conviviale.\" \/>\n<meta property=\"og:url\" content=\"https:\/\/www.staging.manitas-cafeceramique.fr\/index.php\/cafe-ceramique\/concept-cafe-ceramique\/\" \/>\n<meta property=\"og:site_name\" content=\"Manitas\" \/>\n<meta property=\"article:modified_time\" content=\"2026-04-07T14:48:12+00:00\" \/>\n<meta name=\"twitter:card\" content=\"summary_large_image\" \/>\n<script type=\"application\/ld+json\" class=\"yoast-schema-graph\">{\"@context\":\"https:\\\/\\\/schema.org\",\"@graph\":[{\"@type\":\"WebPage\",\"@id\":\"https:\\\/\\\/www.staging.manitas-cafeceramique.fr\\\/index.php\\\/cafe-ceramique\\\/concept-cafe-ceramique\\\/\",\"url\":\"https:\\\/\\\/www.staging.manitas-cafeceramique.fr\\\/index.php\\\/cafe-ceramique\\\/concept-cafe-ceramique\\\/\",\"name\":\"Concept | caf\u00e9-c\u00e9ramique - Manitas\",\"isPartOf\":{\"@id\":\"https:\\\/\\\/www.staging.manitas-cafeceramique.fr\\\/#website\"},\"datePublished\":\"2025-04-30T12:04:55+00:00\",\"dateModified\":\"2026-04-07T14:48:12+00:00\",\"description\":\"Manitas, 1er caf\u00e9 c\u00e9ramique de Lyon : choisissez, peignez votre pi\u00e8ce et savourez un moment cr\u00e9atif et gourmand dans une ambiance conviviale.\",\"breadcrumb\":{\"@id\":\"https:\\\/\\\/www.staging.manitas-cafeceramique.fr\\\/index.php\\\/cafe-ceramique\\\/concept-cafe-ceramique\\\/#breadcrumb\"},\"inLanguage\":\"fr-FR\",\"potentialAction\":[{\"@type\":\"ReadAction\",\"target\":[\"https:\\\/\\\/www.staging.manitas-cafeceramique.fr\\\/index.php\\\/cafe-ceramique\\\/concept-cafe-ceramique\\\/\"]}]},{\"@type\":\"BreadcrumbList\",\"@id\":\"https:\\\/\\\/www.staging.manitas-cafeceramique.fr\\\/index.php\\\/cafe-ceramique\\\/concept-cafe-ceramique\\\/#breadcrumb\",\"itemListElement\":[{\"@type\":\"ListItem\",\"position\":1,\"name\":\"Accueil\",\"item\":\"https:\\\/\\\/www.staging.manitas-cafeceramique.fr\\\/\"},{\"@type\":\"ListItem\",\"position\":2,\"name\":\"Caf\u00e9 c\u00e9ramique\",\"item\":\"https:\\\/\\\/www.staging.manitas-cafeceramique.fr\\\/index.php\\\/cafe-ceramique\\\/\"},{\"@type\":\"ListItem\",\"position\":3,\"name\":\"Concept | caf\u00e9-c\u00e9ramique\"}]},{\"@type\":\"WebSite\",\"@id\":\"https:\\\/\\\/www.staging.manitas-cafeceramique.fr\\\/#website\",\"url\":\"https:\\\/\\\/www.staging.manitas-cafeceramique.fr\\\/\",\"name\":\"Manitas\",\"description\":\"Atelier &amp; Caf\u00e9-C\u00e9ramique\",\"potentialAction\":[{\"@type\":\"SearchAction\",\"target\":{\"@type\":\"EntryPoint\",\"urlTemplate\":\"https:\\\/\\\/www.staging.manitas-cafeceramique.fr\\\/?s={search_term_string}\"},\"query-input\":{\"@type\":\"PropertyValueSpecification\",\"valueRequired\":true,\"valueName\":\"search_term_string\"}}],\"inLanguage\":\"fr-FR\"}]}<\/script>\n<!-- \/ Yoast SEO plugin. -->","yoast_head_json":{"title":"Concept | caf\u00e9-c\u00e9ramique - Manitas","description":"Manitas, 1er caf\u00e9 c\u00e9ramique de Lyon : choisissez, peignez votre pi\u00e8ce et savourez un moment cr\u00e9atif et gourmand dans une ambiance conviviale.","robots":{"index":"index","follow":"follow","max-snippet":"max-snippet:-1","max-image-preview":"max-image-preview:large","max-video-preview":"max-video-preview:-1"},"canonical":"https:\/\/www.staging.manitas-cafeceramique.fr\/index.php\/cafe-ceramique\/concept-cafe-ceramique\/","og_locale":"fr_FR","og_type":"article","og_title":"Concept | caf\u00e9-c\u00e9ramique - Manitas","og_description":"Manitas, 1er caf\u00e9 c\u00e9ramique de Lyon : choisissez, peignez votre pi\u00e8ce et savourez un moment cr\u00e9atif et gourmand dans une ambiance conviviale.","og_url":"https:\/\/www.staging.manitas-cafeceramique.fr\/index.php\/cafe-ceramique\/concept-cafe-ceramique\/","og_site_name":"Manitas","article_modified_time":"2026-04-07T14:48:12+00:00","twitter_card":"summary_large_image","schema":{"@context":"https:\/\/schema.org","@graph":[{"@type":"WebPage","@id":"https:\/\/www.staging.manitas-cafeceramique.fr\/index.php\/cafe-ceramique\/concept-cafe-ceramique\/","url":"https:\/\/www.staging.manitas-cafeceramique.fr\/index.php\/cafe-ceramique\/concept-cafe-ceramique\/","name":"Concept | caf\u00e9-c\u00e9ramique - Manitas","isPartOf":{"@id":"https:\/\/www.staging.manitas-cafeceramique.fr\/#website"},"datePublished":"2025-04-30T12:04:55+00:00","dateModified":"2026-04-07T14:48:12+00:00","description":"Manitas, 1er caf\u00e9 c\u00e9ramique de Lyon : choisissez, peignez votre pi\u00e8ce et savourez un moment cr\u00e9atif et gourmand dans une ambiance conviviale.","breadcrumb":{"@id":"https:\/\/www.staging.manitas-cafeceramique.fr\/index.php\/cafe-ceramique\/concept-cafe-ceramique\/#breadcrumb"},"inLanguage":"fr-FR","potentialAction":[{"@type":"ReadAction","target":["https:\/\/www.staging.manitas-cafeceramique.fr\/index.php\/cafe-ceramique\/concept-cafe-ceramique\/"]}]},{"@type":"BreadcrumbList","@id":"https:\/\/www.staging.manitas-cafeceramique.fr\/index.php\/cafe-ceramique\/concept-cafe-ceramique\/#breadcrumb","itemListElement":[{"@type":"ListItem","position":1,"name":"Accueil","item":"https:\/\/www.staging.manitas-cafeceramique.fr\/"},{"@type":"ListItem","position":2,"name":"Caf\u00e9 c\u00e9ramique","item":"https:\/\/www.staging.manitas-cafeceramique.fr\/index.php\/cafe-ceramique\/"},{"@type":"ListItem","position":3,"name":"Concept | caf\u00e9-c\u00e9ramique"}]},{"@type":"WebSite","@id":"https:\/\/www.staging.manitas-cafeceramique.fr\/#website","url":"https:\/\/www.staging.manitas-cafeceramique.fr\/","name":"Manitas","description":"Atelier &amp; Caf\u00e9-C\u00e9ramique","potentialAction":[{"@type":"SearchAction","target":{"@type":"EntryPoint","urlTemplate":"https:\/\/www.staging.manitas-cafeceramique.fr\/?s={search_term_string}"},"query-input":{"@type":"PropertyValueSpecification","valueRequired":true,"valueName":"search_term_string"}}],"inLanguage":"fr-FR"}]}},"_links":{"self":[{"href":"https:\/\/www.staging.manitas-cafeceramique.fr\/index.php\/wp-json\/wp\/v2\/pages\/13","targetHints":{"allow":["GET"]}}],"collection":[{"href":"https:\/\/www.staging.manitas-cafeceramique.fr\/index.php\/wp-json\/wp\/v2\/pages"}],"about":[{"href":"https:\/\/www.staging.manitas-cafeceramique.fr\/index.php\/wp-json\/wp\/v2\/types\/page"}],"author":[{"embeddable":true,"href":"https:\/\/www.staging.manitas-cafeceramique.fr\/index.php\/wp-json\/wp\/v2\/users\/1"}],"replies":[{"embeddable":true,"href":"https:\/\/www.staging.manitas-cafeceramique.fr\/index.php\/wp-json\/wp\/v2\/comments?post=13"}],"version-history":[{"count":3,"href":"https:\/\/www.staging.manitas-cafeceramique.fr\/index.php\/wp-json\/wp\/v2\/pages\/13\/revisions"}],"predecessor-version":[{"id":6619,"href":"https:\/\/www.staging.manitas-cafeceramique.fr\/index.php\/wp-json\/wp\/v2\/pages\/13\/revisions\/6619"}],"up":[{"embeddable":true,"href":"https:\/\/www.staging.manitas-cafeceramique.fr\/index.php\/wp-json\/wp\/v2\/pages\/18"}],"wp:attachment":[{"href":"https:\/\/www.staging.manitas-cafeceramique.fr\/index.php\/wp-json\/wp\/v2\/media?parent=13"}],"curies":[{"name":"wp","href":"https:\/\/api.w.org\/{rel}","templated":true}]}}